{"id":299,"date":"2011-10-16T19:08:52","date_gmt":"2011-10-16T19:08:52","guid":{"rendered":"http:\/\/www.nicipeter.de\/?page_id=299"},"modified":"2014-01-20T14:23:21","modified_gmt":"2014-01-20T12:23:21","slug":"impressum","status":"publish","type":"page","link":"https:\/\/www.nicipeter.de\/?page_id=299","title":{"rendered":"Impressum"},"content":{"rendered":"<p><span style=\"color: #000000;\"><strong>Verantwortlichkeit<\/strong><\/span><\/p>\n<p><span style=\"color: #000000;\">Nicole &amp; Peter Heidenreich<\/span><\/p>\n<p><span style=\"color: #000000;\">Kapplweg 12<\/span><\/p>\n<p><span style=\"color: #000000;\">86511 Schmiechen<\/span><\/p>\n<p><span style=\"color: #000000;\">Webseite: <a href=\"http:\/\/www.nicipeter.de\"><span style=\"color: #000000;\">www.nicipeter.de<\/span><\/a><\/span><\/p>\n<p><span style=\"color: #000000;\">\u00a0<\/span><\/p>\n<p><span style=\"color: #000000;\"><strong>Hosting des Internetauftritts:<\/strong><\/span><\/p>\n<p><span style=\"color: #000000;\">SaSG GmbH &amp; Co. KG<\/span><br \/>\n<span style=\"color: #000000;\"> Cecinastr. 70<\/span><br \/>\n<span style=\"color: #000000;\"> 82205 Gilching<\/span><br \/>\n<span style=\"color: #000000;\"> Telefon: 08105\/ 7 30 66 0<\/span><br \/>\n<span style=\"color: #000000;\"> Fax: 08105\/ 7 30 66 29<\/span><\/p>\n<p><span style=\"color: #000000;\">Mail: <a href=\"mailto:info@sasg.de\"><span style=\"color: #000000;\">info@sasg.de<\/span><\/a><\/span><br \/>\n<span style=\"color: #000000;\"> Web: <a href=\"http:\/\/www.sasg.de\" target=\"_blank\"><span style=\"color: #000000;\">www.sasg.de<\/span><\/a><\/span><\/p>\n<p>&nbsp;<\/p>\n<p><span style=\"color: #000000;\"><strong>Haftungsausschluss<\/strong><\/span><\/p>\n<p><span style=\"color: #000000;\">Trotz sorgf\u00e4ltiger Zusmmenstellung kann f\u00fcr Richtigkeit und Vollst\u00e4ndigkeit der gemachten Angaben auf dieser Website keine Haftung \u00fcbernommen werden. Die Nutzung der zur Verf\u00fcgung gestellten Inhalte erfolgt auf alleinige Gefahr des Nutzers. \u00c4nderungen sind jederzeit vorbehalten.<\/span><\/p>\n<p><span style=\"color: #000000;\">Links zu Websites Dritter unterliegen in keiner Weise unserem Einfluss. F\u00fcr fremde Inhalte, die \u00fcber solche Links erreichbar sind, ist der Autor der jeweiligen Seite verantwortlich.<\/span><\/p>\n<p>&nbsp;<\/p>\n","protected":false},"excerpt":{"rendered":"<p>Verantwortlichkeit Nicole &amp; Peter Heidenreich Kapplweg 12 86511 Schmiechen Webseite: www.nicipeter.de \u00a0 Hosting des Internetauftritts: SaSG GmbH &amp; Co. KG Cecinastr. 70 82205 Gilching Telefon: 08105\/ 7 30 66 0 Fax: 08105\/ 7 30 66 29 Mail: info@sasg.de Web: www.sasg.de &nbsp; Haftungsausschluss Trotz sorgf\u00e4ltiger Zusmmenstellung kann f\u00fcr Richtigkeit und Vollst\u00e4ndigkeit der gemachten Angaben auf dieser [&hellip;]<\/p>\n","protected":false},"author":1,"featured_media":0,"parent":0,"menu_order":12,"comment_status":"closed","ping_status":"closed","template":"","meta":{"ngg_post_thumbnail":0,"footnotes":""},"class_list":["post-299","page","type-page","status-publish","hentry"],"_links":{"self":[{"href":"https:\/\/www.nicipeter.de\/index.php?rest_route=\/wp\/v2\/pages\/299","targetHints":{"allow":["GET"]}}],"collection":[{"href":"https:\/\/www.nicipeter.de\/index.php?rest_route=\/wp\/v2\/pages"}],"about":[{"href":"https:\/\/www.nicipeter.de\/index.php?rest_route=\/wp\/v2\/types\/page"}],"author":[{"embeddable":true,"href":"https:\/\/www.nicipeter.de\/index.php?rest_route=\/wp\/v2\/users\/1"}],"replies":[{"embeddable":true,"href":"https:\/\/www.nicipeter.de\/index.php?rest_route=%2Fwp%2Fv2%2Fcomments&post=299"}],"version-history":[{"count":19,"href":"https:\/\/www.nicipeter.de\/index.php?rest_route=\/wp\/v2\/pages\/299\/revisions"}],"predecessor-version":[{"id":715,"href":"https:\/\/www.nicipeter.de\/index.php?rest_route=\/wp\/v2\/pages\/299\/revisions\/715"}],"wp:attachment":[{"href":"https:\/\/www.nicipeter.de\/index.php?rest_route=%2Fwp%2Fv2%2Fmedia&parent=299"}],"curies":[{"name":"wp","href":"https:\/\/api.w.org\/{rel}","templated":true}]}}